e the highest common divisor of 153 and j.
51
Suppose 0 = 236*r - 243*r + 203. Calculate the greatest common divisor of 580 and r.
29
Let q be (0 + -2)*(-3 + 1). Let u be (-4 - -3)*((-148)/(-1))/4. Let s be 10 + -5 - u - 2. What is the highest common factor of q and s?
4
Let m be (1/3)/((-4)/(-24)). Let s be (-1 + -5)*(-1)/m. Suppose 14 = s*p - 40. What is the highest common divisor of 18 and p?
18
Let q be 624/4*(4 - (-9)/(-3)). Let i = q - 141. Let u = 3 + 2. What is the greatest common factor of i and u?
5
Suppose 0 = 3*r + 4*s - 138, -6*s = -10*s + 12. Let f(m) = 15*m**3 - m**2. Let i be f(1). Calculate the greatest common divisor of r and i.
14
Suppose -8*h + 48 = -5*h. Suppose -2*o + 6*o - 4*u = 16, u + h = 5*o. What is the greatest common divisor of o and 9?
3
Let n = 79 + -78. Suppose 4*y - 2*r = 15 + n, 2*y - 4*r = -4. Let x(q) = -q**3 + q**2 + 3*q - 3. Let d be x(-3). What is the highest common factor of y and d?
6
Suppose -4*z + 6 = -2*z. Suppose z*v + v = 24. Let c(d) = -3*d**3 - d**2 - d + 2. Let t be c(-2). What is the highest common divisor of v and t?
6
Let g be (56 - -2) + (-20)/(-5). Let r = g + -58. Suppose 4*y - 231 = -55. Calculate the greatest common divisor of y and r.
4
Let u(c) = 87*c + 548. Let g be u(-6). Let o = -4 + 17. Calculate the highest common divisor of g and o.
13
Suppose -5*z - 298 = -373. What is the highest common factor of z and 3?
3
Let o(m) = -m - 8*m**2 - 2 + m**3 - m + 5*m**2. Let t be o(4). What is the greatest common divisor of 18 and t?
6
Suppose 3*h - 96 = -2*c + 4*c, -4*h = 3*c - 111. Calculate the highest common factor of h and 12.
6
Let c = -2093 - -2096. Let s(n) = -n - 12. Let u be s(-6). Let k = u - -9. Calculate the greatest common factor of k and c.
3
Let p(k) = 4*k**3 - 6*k**2. Let b = 30 + -28. Suppose -t = -u + 6, -3*u = -b*u + 2*t. Let o be p(u). Calculate the greatest common factor of o and 32.
32
Let w = -107 - -198. Suppose -7*q + 31 = -60. Calculate the highest common factor of w and q.
13
Let r(o) = 27*o**2 + 2*o. Let n(b) = -b**2 - 14*b - 15. Let f = -16 - -3. Let k be n(f). Let t be r(k). Calculate the greatest common divisor of 26 and t.
26
Suppose 5*p - 10 = -5*z, -6*z + 2*z - 5*p + 6 = 0. Suppose z*l - 8 = 4. Let b = 21 - l. What is the highest common factor of b and 2?
2
Let x be (11049/(-254))/((-1)/74). Calculate the greatest common factor of 87 and x.
87
Let a(c) = 20*c**2 + 11*c - 9. Let u be a(1). Let j = 424 - 226. Calculate the highest common divisor of u and j.
22
Let c be 2/(-7) + (-1089)/(-63). Calculate the greatest common divisor of c and 119.
17
Let s(y) = 65*y. Let a be s(1). Let i be 1 - (-8 - -4)*2. Suppose -65 = 4*v - i*v. Calculate the greatest common divisor of v and a.
13
Suppose 12*t = 14*t. Let l(f) = 2*f - 5. Let s be l(4). Suppose 0*h = s*h, t = -3*c - 4*h + 24. Calculate the highest common divisor of c and 8.
8
Suppose 0 = 4*u + 5*z - 16, 3 + 1 = u + z. Suppose -3*d + 21 = -3*w, -u*d + 4*w + 31 = d. Calculate the highest common factor of d and 24.
3
Let x = -101 - -115. Suppose -8 = -f - 2*f + 5*w, 0 = -5*f + 3*w - 8. Let p be 1/f + (-393)/(-4). What is the greatest common divisor of x and p?
14
Let z = 13 + -18. Let q = z - 5. Let v = 14 + q. What is the greatest common factor of 20 and v?
4
Let u be (-18)/(-4)*(-41)/((-246)/40). What is the highest common factor of 1305 and u?
15
Suppose 0 = 2*s - 9 - 1. Suppose 2*k - u + 0 = 5, 0 = k - 4*u + 8. Suppose 0 = y + t + k*t - 27, -5*y + 5 = -t. Calculate the highest common divisor of y and s.
1
Let f(i) = i**2 - 2*i - 4. Let x be f(-2). Suppose 0*d - 208 = -x*d. What is the greatest common divisor of 52 and d?
52
Suppose 5*y - r + 37 = 0, 2*r = 4*y - 0*r + 26. Let g = y - -30. What is the highest common factor of 198 and g?
22
Suppose -140 = 10*a - 0*a. Let t be (76/(-6))/(a/21). What is the greatest common factor of 171 and t?
19
Suppose 5*u = 3*p + 2*u - 495, 321 = 2*p - 5*u. What is the greatest common divisor of 48 and p?
24
Suppose -2*j - 186 = -18. Let r = -71 - j. Calculate the greatest common factor of r and 1.
1
Let b be (-2)/8 + (-153)/(-36). Let i be ((-2)/(-2))/(b/12) - 2. Let s be 44/6*9/6. What is the highest common divisor of i and s?
1
Let c = 31 + 65. Suppose u - 3*w - 12 = 0, -3*u + 6*u - 5*w - 36 = 0. What is the highest common divisor of u and c?
12
Let a be ((-2)/(-4))/(1/20). Suppose 4*f + 5*m - 12 = 33, f - 4*m = 6. Calculate the greatest common factor of a and f.
10
Suppose 564 = -6*j + 8*j. Let h(q) = -q**3 + 8*q**2 + 2. Let o be h(8). Suppose -j + 30 = -o*c. What is the greatest common divisor of c and 18?
18
Let i(o) be the second derivative of 25*o**4/12 + o**3/6 + 3*o. Let j be i(1). Suppose -22 = -3*q + j. What is the highest common factor of q and 16?
16
Let m be (2/5)/(1/5). Suppose 600 = 5*w - 3*y + y, 0 = -m*y. Let c be (-510)/(-35) - 3/(-7). Calculate the highest common factor of c and w.
15
Let c = -160 - -272. Calculate the highest common divisor of 28 and c.
28
Suppose -5*g - 4*w + 2*w + 245 = 0, 20 = 4*w. Calculate the greatest common factor of g and 188.
47
Let n = -27 - -33. What is the highest common factor of 192 and n?
6
Suppose -16 - 29 = -5*w - 5*b, -4*b = -2*w. Let i be ((-2)/(-3))/((-10)/15). Let o be i/7 + 1180/28. What is the highest common divisor of w and o?
6
Let j = -28 + 28. Suppose 2*t - 8 = j, -2*v + 5 = 4*t - 17. Suppose 5*l + 32 = 4*r, -v*r + 2*l + 13 = l. Calculate the greatest common factor of r and 3.
3
Let s(p) = 2*p - 34. Let v(c) = -1. Let q(j) = -s(j) + 8*v(j). Let u be q(4). What is the highest common divisor of 6 and u?
6
Suppose 25 = 5*s - s + 5*b, 0 = -5*s + 2*b - 10. Let c(f) = f**3 - 2*f**2 - f + 65. Let v be c(s). What is the greatest common divisor of v and 52?
13
Let w(t) = t**3 + 11*t**2 - 15*t + 2. Let p be w(-12). Calculate the highest common divisor of p and 19.
19
Let f(p) = -2*p + 10. Let m be f(-2). Suppose -10*o + m = -3*o. What is the greatest common factor of o and 14?
2
Let f(z) = z**2 + 20*z + 73. Let x be f(-4). Let i = -11 + 29. Let u be (14/4)/(1/i). What is the greatest common divisor of x and u?
9
Let n(h) = -h - 2. Let t be n(-4). Let u = 1943 + -1935. Calculate the greatest common factor of t and u.
2
Let r be (-2)/(-10) - 4/20. Suppose r = -5*n + 51 - 6. Suppose -2*k = x - 5, -k = -5*k - 8. Calculate the greatest common factor of x and n.
9
Let f = -44 + 49. Suppose 2*c - 133 = -f. Calculate the highest common divisor of c and 8.
8
Suppose -3*y - 2*x = -8 - 28, 0 = x + 3. What is the greatest common divisor of y and 1162?
14
Suppose -4 = w + 5*u - 1, 4*w - 3*u = -12. Let p = w - -7. What is the greatest common factor of p and 1?
1
Let f(u) = u**3 - 7*u**2 - 12*u + 35. Let h be f(8). Calculate the greatest common divisor of 99 and h.
3
Let s be 4*31*(-7)/(-4). Let f = -61 + 67. Let l be 4 + f*45/10. Calculate the greatest common factor of l and s.
31
Let m = -5 + 10. Suppose m*o = 6*o. Suppose -3*j - j + 3*q = -21, -q - 3 = o. Calculate the greatest common divisor of 15 and j.
3
Suppose -u = -1, 7*u - 2*u + 15 = 4*n. Let t = 13 - -6. Let c = 44 - t. Calculate the highest common factor of n and c.
5
Let n = 1 - -1. Suppose n*p - p - 50 = 0. Suppose -44 = -8*y + 116. What is the highest common divisor of p and y?
10
Let z = -307 - -451. Calculate the greatest common factor of 9 and z.
9
Suppose 30*q - 4196 - 94 = 0. Calculate the highest common divisor of 39 and q.
13
Let z(w) = -w**2 + 33*w - 118. Let u be z(27). Suppose -h + 73 = -203. Suppose -4*j + u = -h. Calculate the highest common divisor of 8 and j.
8
Let k(w) = -w**2 - 25*w - 96. Let n be k(-15). What is the highest common factor of n and 1350?
54
Suppose -c + 15 = 3*v, c - 18 = -2*v + 3*c. What is the highest common divisor of v and 351?
3
Let k = 32 - 10. Let m(r) = -r**3 - 11*r**2 + 29*r + 83. Let b be m(-13). What is the highest common divisor of k and b?
22
Let y(d) = d**3 - 4*d**2 - 4*d - 60. Let p be y(7). What is the greatest common divisor of p and 2655?
59
Let t = -666 + 706. Calculate the highest common factor of t and 5.
5
Let z(d) = -d**3 + 6*d**2 + 6*d. Let m be 2/(-5) - ((-768)/30)/4. Let n be z(m). What is the highest common divisor of 54 and n?
18
Suppose 2*u - 21 - 87 = 4*z, -3*u - 2*z = -170. What is the greatest common factor o